 (p/4)/((-1)/(12/(-3))).
2, 53
Let h(y) = 184*y - 913. What are the prime factors of h(18)?
2399
Let a = -9 + 2. Let t(d) = 2*d**2 - 6*d. Let m be t(a). Suppose 3*n = m - 17. What are the prime factors of n?
41
Suppose -19*w - 33*w - 311061 = -2096689. What are the prime factors of w?
23, 1493
Let z = 23302 - 13022. What are the prime factors of z?
2, 5, 257
Let c(g) = 2290*g**3 + 6*g**2 - 10*g - 8. List the prime factors of c(2).
2, 19, 241
Let x(z) = -74*z + 17. Let h be x(-6). Suppose r + 2*b = h, 5*r + 2*b - 2273 = -0*b. What are the prime factors of r?
3, 151
Suppose 43207 + 68438 = 147*b + 2865. List the prime factors of b.
2, 5, 37
Let j(q) be the second derivative of 13*q**3/2 + 6*q**2 + 20*q. Let i be j(4). Suppose i = 6*u + u. What are the prime factors of u?
2, 3
What are the prime factors of (-571460)/(-23) + 4/(-46)?
2, 3, 41, 101
Let d(o) = 30*o - 72. Let s be d(9). Let m = 331 - s. List the prime factors of m.
7, 19
Suppose 18193 + 9554 = 4*c + 5*v, -5*c + 3*v = -34730. List the prime factors of c.
53, 131
Let i be (-1)/2*(52/(-4) + 9). Suppose 2*p = 5*k + p - 2141, -1708 = -4*k + i*p. What are the prime factors of k?
3, 11, 13
Let y(o) = 131*o**2 - 102*o - 1716. List the prime factors of y(-19).
47513
Suppose -2*f = a - 5*f, f - 10 = -3*a. Let x be ((-12)/28)/(a/(-21)). Suppose -x*m - 2*m = 0, 4*b = 4*m + 360. List the prime factors of b.
2, 3, 5
Let r = 93 - -184. What are the prime factors of r*12/9*(-6)/(-8)?
277
Suppose 0 = -4*f - 2*u, 3*u = 4*u. Suppose f = -3*h + 5*y - 6 - 19, 4*h = -5*y + 25. What are the prime factors of (-4)/6 + h + 2185/15?
5, 29
Let c = 184 + -113. Let u = c + -67. Suppose 4*d - 2*r + 5*r - 382 = 0, 4*d = u*r + 368. List the prime factors of d.
2, 47
Suppose 45*w - 7*w = 114. Suppose 7*g + 12 = w*g, -g - 1431 = -3*y. List the prime factors of y.
2, 7, 17
Let h(i) = -3*i - 11. Let m be h(-10). Let y = 27 - m. Suppose y*t = 7*t + 55. List the prime factors of t.
5, 11
Let g = -68950 - -118599. What are the prime factors of g?
131, 379
Suppose -9*n + 137 = 20. Let h(k) = k**3 - 13*k**2 + k - 13. Let a be h(n). Suppose 0 = -3*q + 2*x + 155, -6*q + q + 5*x + 265 = a. List the prime factors of q.
7
Suppose 14*f = -82 - 86. What are the prime factors of -6*1 - (-222 + f)?
2, 3, 19
Let o(p) = p + 10. Let c be o(11). Suppose -6709 = c*g - 31867. What are the prime factors of g?
2, 599
Let n = 3160 - 131. List the prime factors of n.
13, 233
Let i = -2398 + 15220. List the prime factors of i.
2, 3, 2137
Let w(t) = -6*t - 10. Let x(p) = -18*p - 31. Let f(m) = -14*w(m) + 4*x(m). Let v be f(7). Suppose 9*r - 14*r = -v. List the prime factors of r.
2, 5
Let n(i) = 18*i**3 - 5 + 17*i**2 - 32*i**2 + 10*i**2 + 16*i. List the prime factors of n(3).
2, 11
Suppose 107*g - 789361 = 1948341. What are the prime factors of g?
2, 11, 1163
Let v(f) be the second derivative of f**5/20 + 159*f**2 - 134*f. List the prime factors of v(0).
2, 3, 53
Let i = 28418 + -21115. List the prime factors of i.
67, 109
Suppose -5*r + 3*h = -7878, -2*r - 4*h + 2964 = -182. List the prime factors of r.
3, 5, 7
Let p(r) = -r**3 + 47*r**2 + 99*r - 122. What are the prime factors of p(42)?
2, 1607
Suppose -3*g = -h + 1766, -3*h + 225 = -4*g - 5093. List the prime factors of h.
2, 7, 127
List the prime factors of (-18682)/((-18)/4 - 651/(-186)).
2, 9341
Let q = 1611 - -5. Suppose -3336 = -8*k + q. List the prime factors of k.
619
Let l(k) = 2*k**2 - 39*k + 69. Suppose -52*v + 51*v = r - 22, 0 = 4*v - r - 113. What are the prime factors of l(v)?
2, 3, 79
Suppose -3562*m + 4*l + 7646 = -3561*m, 0 = 3*m + 5*l - 23074. List the prime factors of m.
2, 11, 349
Let k(f) = 4*f**3 + 6*f**2 - 9*f - 6. Let s be k(-5). Let l = 627 + s. Suppose -5*y = -y - 3*o - 251, -5*y + 3*o + l = 0. What are the prime factors of y?
5, 13
Suppose -8 - 28 = -9*a. Suppose -a*u - 799 + 2787 = 4*m, 0 = -5*m + 3*u + 2461. What are the prime factors of m?
2, 13, 19
Let w(r) = -r**3 - r**2 + r - 36. Let v = -3 + 3. Let n be w(v). Let u = n - -72. List the prime factors of u.
2, 3
Let r be ((-18)/(-15))/((-3)/30). Let f(d) = 9*d - 1. Let h(g) = 3*g. Let n(b) = -6*f(b) + 17*h(b). List the prime factors of n(r).
2, 3, 7
Let u be ((-341)/(-44) - 10)/(1/(-4)). Suppose u*j + 1610 = 7001. List the prime factors of j.
599
Let n(q) = -332*q**3 - 592*q**2 + 7*q + 9. What are the prime factors of n(-6)?
3, 103, 163
Suppose 44007 = -4*v + 123775. Suppose -9*x - 17*x = -v. What are the prime factors of x?
13, 59
Let r be (-12)/30*-5 - (-1 + -10817). Suppose 9*f = r - 2495. What are the prime factors of f?
5, 37
Let c(b) = -b + 23. Let m be c(9). What are the prime factors of ((-8)/(-10))/(2/14140*m)?
2, 101
Suppose 3*z - 9653 = -2*k + 9401, z - 47661 = -5*k. List the prime factors of k.
9533
Let l(y) be the second derivative of -5*y**3/6 - 21*y**2/2 + 21*y. Let f be l(-9). Let m = f - -46. What are the prime factors of m?
2, 5, 7
Let l(f) = 1630*f - 4166. List the prime factors of l(23).
2, 3, 2777
Let j(t) = t**3 + 45*t**2 - 16*t - 1571. What are the prime factors of j(-30)?
12409
Suppose 50184 = 73*u - 55*u. List the prime factors of u.
2, 17, 41
Suppose 33*u - 472176 = -30*u + 51*u. What are the prime factors of u?
2, 3, 1093
Let y(i) = 11*i**2 + 21*i + 769. What are the prime factors of y(-36)?
19, 751
Suppose -228 = 21*o - 40*o. Let x(w) = w + 11. Let c be x(-8). Suppose -c = 3*n - o. List the prime factors of n.
3
Let z(j) = 12*j**3 + 35*j**2 + 11*j - 27. List the prime factors of z(6).
3, 1297
Let m be -2026*4*(-1)/8. Suppose 5*p - b = 3009 - 444, 2*p = 3*b + m. What are the prime factors of p?
2, 257
Suppose 5*q - 118 = -4*m, -17 = -q - m + 7. Suppose f = -0*f + q. Suppose -4*u + 2 = -5*t, -5*t - 3*u + f = u. List the prime factors of t.
2
Let u(h) = 2*h + 22. Let t(s) = s**3 - s**2 + s + 3. Let i be t(-2). Let a be u(i). Suppose 22*o - 18*o - 584 = a. List the prime factors of o.
2, 73
Let v = 26609 - 10965. List the prime factors of v.
2, 3911
Suppose -20*r = -17*r - 5*k - 28496, -r = -10*k - 9482. What are the prime factors of r?
2, 4751
Let p be (1457*-3)/(4/(224/(-12))). List the prime factors of p/56 - 3/(-4).
5, 73
Let w = -5029 - -17335. What are the prime factors of w?
2, 3, 7, 293
Let c(k) = 11*k**2 + 14*k. Let l be c(-9). Let r be 16*(l/10 - 0/1). What are the prime factors of r/10 - (-4)/(-10)?
2, 61
Suppose 0 = 4*n - 3*s + 15, 2*s + 1 - 11 = 0. Let h(j) = -j**3 + 10*j**2 - 12*j - 4. Let q be h(8). Suppose n = -r + q + 21. List the prime factors of r.
7
Let p(i) be the second derivative of i**4/12 - i**3/3 - 13*i**2/2 + i. Let m be p(6). Suppose 0 = 4*f + m - 319. What are the prime factors of f?
7, 11
Let s(q) = 129*q**2 + 3*q + 3. Let k(x) = 10 - 3*x**2 - 21*x + 42*x + 29*x + 6. Let o be k(17). List the prime factors of s(o).
3, 43
Suppose -21 = -4*w - 3*h, -4*w - 4*h = -13 - 7. What are the prime factors of 10227/42 + (-9)/w?
2, 11
Suppose 3*t + 3*u - 68069 = -2*t, 0 = t + u - 13617. What are the prime factors of t?
31, 439
Suppose 1059778 + 1447892 = 57*q + 33*q. List the prime factors of q.
11, 17, 149
Let c be 6/(-12)*(-1 - 3). Suppose 0*z = c*p - 3*z - 4, 5*p - z = 10. List the prime factors of 4/(-10) + ((-1908)/(-10))/p.
5, 19
Suppose 2*i + l - 4*l - 163 = 0, i - 79 = -l. Let b(v) = -2*v**2 + 13*v + 101. Let j be b(-5). Let c = i + j. What are the prime factors of c?
2, 3, 11
Suppose v + 3*v + 1744 = 2*z, -z - 2 = 0. Let u = 523 - v. List the prime factors of u.
2, 3, 5
Let q = -13 + 37. Suppose 0 = -21*w + q*w - 24. List the prime factors of w.
2
Let r = -101593 + 170063. List the prime factors of r.
2, 5, 41, 167
List the prime factors of (4 - (-928)/6)/((-56)/(-5124)).
2, 7, 17, 61
List the prime factors of 5/(-6) - 11745368/(-816).
37, 389
Let f = -600 - -855. Let s = f + 80. What are the prime factors of s?
5, 67
Let h be 9*(6/21 - (-38)/14). Suppose -4*g + h + 17 = 0. Suppose 6*q = g*q - 130. List the prime factors of q.
2, 13
Let t(o) = o**3 + 19*o**2 + 17*o - 21. Let n be t(-18). List the prime factors of (8032/48)/(4/n + 2).
251
Suppose 0 = -391*k + 385*k + 147648. What are the prime factors of k?
2, 769
Suppose -10 = -5*v + 3*a - a, 5*a + 6 = 3*v. Suppose 4*i = -i - v*c + 6, -c - 4 = -i. Suppose 0 = i*l + 89 - 215. What are the prime factors of l?
3,